1, 1009
List the prime factors of 677895.
3, 5, 43, 1051
What are the prime factors of 597829?
43, 13903
List the prime factors of 3268581.
3, 131, 8317
List the prime factors of 8999965.
5, 13, 138461
List the prime factors of 23778423.
3, 151, 17497
What are the prime factors of 7093576?
2, 7, 197, 643
What are the prime factors of 833474?
2, 23, 18119
List the prime factors of 632081.
632081
List the prime factors of 29526098.
2, 7, 349, 6043
List the prime factors of 201301.
47, 4283
List the prime factors of 31663.
31663
What are the prime factors of 556404?
2, 3, 199, 233
List the prime factors of 1536391.
29, 31, 1709
What are the prime factors of 200460?
2, 3, 5, 13, 257
List the prime factors of 77774.
2, 37, 1051
What are the prime factors of 536360?
2, 5, 11, 23, 53
List the prime factors of 212538.
2, 3, 35423
What are the prime factors of 43516?
2, 11, 23, 43
What are the prime factors of 589657?
29, 20333
What are the prime factors of 137743?
137743
List the prime factors of 1456428.
2, 3, 121369
List the prime factors of 1992533.
1992533
What are the prime factors of 968814?
2, 3, 7, 11, 233
What are the prime factors of 9818618?
2, 251, 19559
What are the prime factors of 538570?
2, 5, 53857
List the prime factors of 7157693.
29, 246817
List the prime factors of 1156248.
2, 3, 53, 101
List the prime factors of 1538988.
2, 3, 11, 89, 131
List the prime factors of 2296263.
3, 31, 24691
What are the prime factors of 18707715?
3, 5, 13, 113, 283
What are the prime factors of 3758416?
2, 467, 503
List the prime factors of 14151446.
2, 17, 416219
What are the prime factors of 4348940?
2, 5, 17, 12791
What are the prime factors of 4296457?
11, 137, 2851
What are the prime factors of 4961575?
5, 198463
What are the prime factors of 249544?
2, 31193
List the prime factors of 173713.
173713
What are the prime factors of 160504?
2, 20063
What are the prime factors of 921342?
2, 3, 153557
List the prime factors of 70154.
2, 7, 5011
List the prime factors of 162431.
19, 83, 103
What are the prime factors of 445202?
2, 222601
List the prime factors of 41800685.
5, 277, 30181
List the prime factors of 257250.
2, 3, 5, 7
List the prime factors of 1824035.
5, 601, 607
What are the prime factors of 15704179?
167, 271, 347
List the prime factors of 1155413.
7, 165059
List the prime factors of 404977.
404977
What are the prime factors of 5295470?
2, 5, 529547
What are the prime factors of 4493203?
11, 13, 2417
List the prime factors of 339556.
2, 7, 67, 181
What are the prime factors of 381509?
381509
What are the prime factors of 10169414?
2, 43, 118249
What are the prime factors of 94450?
2, 5, 1889
List the prime factors of 18614785.
5, 7, 97, 5483
List the prime factors of 280411.
280411
List the prime factors of 200076.
2, 3, 16673
What are the prime factors of 314289?
3, 47, 743
What are the prime factors of 264787?
264787
What are the prime factors of 1339624?
2, 11, 13, 1171
What are the prime factors of 21779114?
2, 7, 23, 239, 283
List the prime factors of 10127566.
2, 37, 136859
What are the prime factors of 11022679?
19, 71, 8171
List the prime factors of 236247.
3, 11, 7159
List the prime factors of 3571590.
2, 3, 5, 11, 79, 137
List the prime factors of 126942.
2, 3, 21157
List the prime factors of 213270.
2, 3, 5, 7109
List the prime factors of 94321.
94321
List the prime factors of 329124.
2, 3, 27427
What are the prime factors of 4585290?
2, 3, 5, 152843
List the prime factors of 4035768.
2, 3, 11, 15287
What are the prime factors of 696857?
7, 99551
List the prime factors of 21938.
2, 7, 1567
List the prime factors of 483424.
2, 15107
What are the prime factors of 348337?
11, 31667
What are the prime factors of 27206013?
3, 53, 397, 431
What are the prime factors of 1252628?
2, 13, 17, 109
What are the prime factors of 8280917?
8280917
What are the prime factors of 2095527?
3, 7, 99787
What are the prime factors of 8393307?
3, 13, 19, 47, 241
List the prime factors of 764947.
764947
What are the prime factors of 648401?
13, 49877
List the prime factors of 18460342.
2, 9230171
What are the prime factors of 3071145?
3, 5, 7, 11, 2659
List the prime factors of 422033.
67, 6299
What are the prime factors of 748626?
2, 3, 124771
List the prime factors of 777528.
2, 3, 10799
List the prime factors of 1207135.
5, 127, 1901
What are the prime factors of 548150?
2, 5, 19, 577
What are the prime factors of 27726?
2, 3, 4621
List the prime factors of 154222.
2, 29, 2659
List the prime factors of 13405439.
71, 349, 541
List the prime factors of 153712.
2, 13, 739
List the prime factors of 1091851.
31, 35221
What are the prime factors of 988254?
2, 3, 18301
List the prime factors of 436168.
2, 54521
List the prime factors of 2651585.
5, 31, 17107
What are the prime factors of 36500065?
5, 7, 599, 1741
What are the prime factors of 57679?
57679
List the prime factors of 114663.
3, 37, 1033
List the prime factors of 80937.
3, 17, 23
What are the prime factors of 291121?
31, 9391
What are the prime factors of 901892?
2, 19, 11867
What are the prime factors of 150365?
5, 17, 29, 61
What are the prime factors of 7505493?
3, 1499, 1669
What are the prime factors of 1037018?
2, 518509
What are the prime factors of 6490727?
107, 60661
List the prime factors of 18158790.
2, 3, 5, 13, 101, 461
List the prime factors of 24277771.
7, 3468253
What are the prime factors of 639891?
3, 7, 1451
List the prime factors of 85741.
179, 479
What are the prime factors of 27039?
3, 9013
List the prime factors of 2039273.
31, 157, 419
What are the prime factors of 847467?
3, 17, 29, 191
What are the prime factors of 3919390?
2, 5, 391939
List the prime factors of 3560284.
2, 7, 13, 9781
What are the prime factors of 1682245?
5, 509, 661
List the prime factors of 423364.
2, 53, 1997
List the prime factors of 3973022.
2, 31, 64081
What are the prime factors of 5922789?
3, 1974263
What are the prime factors of 8137726?
2, 53, 76771
What are the prime factors of 1733352?
2, 3, 72223
What are the prime factors of 9364639?
1327, 7057
List the prime factors of 4311499.
19, 37, 6133
List the prime factors of 100780.
2, 5, 5039
What are the prime factors of 169547?
7, 53, 457
What are the prime factors of 29764622?
2, 23, 647057
What are the prime factors of 386606?
2, 11, 17573
What are the prime factors of 7243705?
5, 7, 67, 3089
List the prime factors of 2129569.
13, 12601
What are the prime factors of 223408?
2, 13963
What are the prime factors of 95596?
2, 23899
List the prime factors of 177868.
2, 53, 839
What are the prime factors of 3921804?
2, 3, 36313
List the prime factors of 137203.
11, 12473
What are the prime factors of 4028408?
2, 503551
List the prime factors of 1493715.
3, 5, 99581
List the prime factors of 18957597.
3, 151, 41849
What are the prime factors of 6850445?
5, 7, 27961
List the prime factors of 56633.
56633
List the prime factors of 169297.
79, 2143
List the prime factors of 580485.
3, 5, 38699
List the prime factors of 5766077.
17, 23, 14747
List the prime factors of 882568.
2, 110321
What are the prime factors of 3322068?
2, 3, 276839
What are the prime factors of 20759618?
2, 11, 17, 47, 1181
List the prime factors of 109425.
3, 5, 1459
What are the prime factors of 195978?
2, 3, 89, 367
What are the prime factors of 4599623?
7, 657089
What are the prime factors of 948574?
2, 11, 43117
What are the prime factors of 121906?
2, 60953
What are the prime factors of 12464767?
7, 254383
List the prime factors of 3079157.
3079157
List the prime factors of 35801.
35801
List the prime factors of 453927.
3, 83, 1823
List the prime factors of 1456138.
2, 728069
List the prime factors of 3889618.
2, 67, 29027
List the prime factors of 3609985.
5, 721997
What are the prime factors of 287451?
3, 19, 41
List the prime factors of 175276.
2, 29, 1511
List the prime factors of 150906.
2, 3, 7, 3593
What are the prime factors of 15654262?
2, 13, 602087
List the prime factors of 5203487.
53, 98179
List the prime factors of 10248709.
10248709
List the prime factors of 162194.
2, 81097
What are the prime factors of 562536?
2, 3, 13, 601
List the prime factors of 1788377.
1788377
What are the prime factors of 155785?
5, 7, 4451
List the prime factors of 398196.
